15.
-11
What is 113 (base 9) in base 11?
85
What is 1 (base 7) in base 4?
1
Convert -2 (base 10) to base 11.
-2
What is 10 (base 11) in base 7?
14
What is 121 (base 12) in base 5?
1134
Convert 1020 (base 5) to base 13.
a5
Convert -26 (base 10) to base 13.
-20
-201 (base 7) to base 16
-63
What is 10 (base 5) in base 7?
5
What is -12 (base 7) in base 13?
-9
Convert -1 (base 6) to base 9.
-1
What is -101 (base 2) in base 4?
-11
Convert -12 (base 13) to base 6.
-23
-171 (base 9) to base 6
-401
8 (base 11) to base 8
10
What is -1 (base 4) in base 13?
-1
What is -3 (base 10) in base 14?
-3
What is 0 (base 4) in base 15?
0
What is 30 (base 5) in base 7?
21
What is 7 (base 9) in base 7?
10
2 (base 14) to base 16
2
Convert -11 (base 3) to base 11.
-4
Convert 0 (base 13) to base 3.
0
Convert -85 (base 10) to base 3.
-10011
13a (base 13) to base 15
e8
6 (base 13) to base 3
20
What is -1010 (base 2) in base 14?
-a
-2 (base 11) to base 16
-2
What is -1 (base 8) in base 9?
-1
Convert -44 (base 6) to base 5.
-103
Convert -11 (base 4) to base 15.
-5
Convert 9 (base 10) to base 3.
100
-3 (base 12) to base 11
-3
Convert d (base 14) to base 2.
1101
-1 (base 15) to base 9
-1
What is 151 (base 6) in base 5?
232
What is 23 (base 9) in base 12?
19
0 (base 13) to base 3
0
Convert 0 (base 10) to base 3.
0
2 (base 13) to base 9
2
What is -6 (base 9) in base 4?
-12
Convert -64 (base 8) to base 12.
-44
Convert 55 (base 12) to base 16.
41
Convert 105 (base 11) to base 8.
176
-33 (base 8) to base 9
-30
Convert -123 (base 7) to base 6.
-150
Convert -26 (base 12) to base 8.
-36
What is 1 (base 10) in base 11?
1
1 (base 13) to base 11
1
What is 201 (base 3) in base 7?
25
Convert 195 (base 10) to base 5.
1240
Convert 222 (base 9) to base 2.
10110110
Convert 6 (base 14) to base 2.
110
Convert 5a (base 16) to base 6.
230
Convert -20 (base 15) to base 14.
-22
Convert -2 (base 16) to base 4.
-2
What is e (base 15) in base 14?
10
22 (base 5) to base 14
c
-2211 (base 3) to base 4
-1030
4 (base 11) to base 9
4
What is -3 (base 13) in base 15?
-3
-227 (base 13) to base 3
-111202
What is -1 (base 2) in base 9?
-1
Convert 12 (base 4) to base 5.
11
What is 3 (base 8) in base 9?
3
-a (base 13) to base 16
-a
What is -102 (base 5) in base 3?
-1000
Convert 6 (base 12) to base 14.
6
2 (base 16) to base 13
2
Convert -24 (base 16) to base 4.
-210
Convert 2 (base 16) to base 11.
2
Convert 4 (base 8) to base 12.
4
What is 18 (base 13) in base 8?
25
Convert -31 (base 6) to base 5.
-34
Convert -170 (base 13) to base 6.
-1112
e (base 16) to base 11
13
Convert -4 (base 7) to base 14.
-4
-41 (base 7) to base 10
-29
What is -7 (base 12) in base 3?
-21
-21 (base 4) to base 8
-11
-12 (base 3) to base 4
-11
-1 (base 2) to base 6
-1
Convert 20 (base 3) to base 13.
6
2 (base 11) to base 4
2
Convert -11 (base 2) to base 13.
-3
Convert 39 (base 16) to base 14.
41
Convert -131 (base 4) to base 8.
-35
28 (base 16) to base 10
40
Convert 8 (base 13) to base 15.
8
-9 (base 12) to base 15
-9
-8 (base 11) to base 3
-22
Convert 69 (base 16) to base 6.
253
Convert 110101 (base 2) to base 8.
65
Convert -3 (base 6) to base 16.
-3
2 (base 5) to base 7
2
-45 (base 16) to base 3
-2120
Convert 3 (base 14) to base 9.
3
What is -314 (base 6) in base 10?
-118
-7 (base 12) to base 3
-21
What is 3 (base 9) in base 15?
3
-28 (base 14) to base 3
-1100
What is -8a (base 13) in base 7?
-222
Convert 17 (base 11) to base 10.
18
Convert -11 (base 3) to base 5.
-4
What is 25 (base 6) in base 13?
14
What is 7 (base 15) in base 12?
7
-e (base 15) to base 4
-32
11 (base 6) to base 10
7
Convert 0 (base 15) to base 2.
0
Convert 122 (base 5) to base 9.
41
What is 28 (base 11) in base 15?
20
Convert -28 (base 11) to base 12.
-26
6 (base 7) to base 3
20
What is 13 (base 15) in base 9?
20
What is -34 (base 6) in base 9?
-24
What is -444 (base 6) in base 7?
-334
Convert 2 (base 10) to base 6.
2
Convert -110 (base 5) to base 12.
-26
What is 3 (base 9) in base 2?
11
Convert -4d (base 15) to base 11.
-67
-35 (base 8) to base 13
-23
Convert 1f (base 16) to base 13.
25
Convert -7 (base 8) to base 16.
-7
-104 (base 5) to base 15
-1e
What is 232 (base 4) in base 2?
101110
Convert -1 (base 8) to base 10.
-1
244 (base 6) to base 8
144
What is 3 (base 16) in base 11?
3
Convert -2 (base 15) to base 12.
-2
Convert 0 (base 14) to base 7.
0
-86 (base 10) to base 11
-79
10 (base 3) to base 13
3
What is 1 (base 7) in base 10?
1
Convert -1 (base 11) to base 15.
-1
-11000 (base 2) to base 6
-40
1 (base 16) to base 8
1
-5 (base 16) to base 11
-5
Convert 4 (base 7) to base 6.
4
-4 (base 5) to base 8
-4
-44 (base 11) to base 8
-60
103 (base 6) to base 14
2b
-101 (base 2) to base 6
-5
100 (base 2) to base 15
4
-22 (base 3) to base 4
-20
Convert 0 (base 5) to base 7.
0
-1 (base 12) to base 14
-1
-7 (base 8) to base 11
-7
What is 1aa (base 16) in base 2?
110101010
What is -15 (base 12) in base 14?
-13
100100 (base 2) to base 7
51
-101 (base 16) to base 5
-2012
What is 18 (base 12) in base 13?
17
1151 (base 6) to base 7
553
Convert -35 (base 8) to base 11.
-27
What is -4 (base 6) in base 13?
-4
Convert -1 (base 5) to base 10.
-1
-1 (base 2) to base 11
-1
13 (base 14) to base 6
25
What is 0 (base 8) in base 11?
0
Convert 3 (base 11) to base 16.
3
What is -1 (base 10) in base 16?
-1
What is 2 (base 10) in base 6?
2
Convert 331 (base 4) to base 15.
41
2 (base 14) to base 5
2
-1 (base 14) to base 16
-1
Convert c0 (base 13) to base 12.
110
Convert 0 (base 3) to base 5.
0
What is 112 (base 4) in base 8?
26
-79 (base 10) to base 4
-1033
What is 200 (base 4) in base 3?
1012
-4 (base 13) to base 7
-4
What is 53 (base 9) in base 12?
40
2 (base 13) to base 7
2
Convert -101 (base 3) to base 15.
-a
2 (base 4) to base 10
2
Convert -251 (base 7) to base 15.
-8e
What is -21 (base 9) in base 13?
-16
-b (base 12) to base 9
-12
What is ab (base 13) in base 4?
2031
-211 (base 5) to base 4
-320
Convert -54 (base 14) to base 10.
-74
213 (base 5) to base 8
72
Convert -b2 (base 12) to base 7.
-251
-344 (base 5) to base 7
-201
What is -2a (base 13) in base 5?
-121
What is 1 (base 12) in base 16?
1
Convert 1 (base 9) to base 13.
1
17 (base 10) to base 2
10001
Convert -11 (base 2) to base 10.
-3
-c (base 16) to base 8
-14
112 (base 5) to base 11
2a
Convert 11 (base 8) to base 14.
9
16 (base 12) to base 14
14
21 (base 4) to base 2
1001
-10 (base 10) to base 5
-20
12 (base 7) to base 6
13
What is a5 (base 15) in base 8?
233
Convert 22 (base 9) to base 8.
24
6 (base 15) to base 4
12
What is -288 (base 9) in base 6?
-1042
Convert -47 (base 10) to base 6.
-115
Convert a (base 14) to base 9.
11
Convert -8 (base 11) to base 8.
-10
Convert 1100 (base 4) to base 13.
62
Convert 96 (base 10) to base 16.
60
What is 2 (base 14) in base 11?
2
What is 32 (base 5) in base 15?
12
What is -10 (base 5) in base 10?
-5
What is -50 (base 12) in base 5?
-220
-2 (base 14) to base 3
-2
What is 7 (base 9) in base 12?
7
Convert -10 (base 4) to base 6.
-4
111100 (base 2) to base 10
60
Convert -8 (base 12) to base 10.
-8
Convert -11 (base 13) to base 14.
-10
-2 (base 10) to base 7
-2
What is -4 (base 9) in base 12?
-4
52 (base 8) to base 12
36
Convert 31 (base 16) to base 11.
45
25 (base 7) to base 2
10011
3 (base 14) to base 7
3
5 (base 12) to base 7
5
What is -220 (base 3) in base 5?
-44
-16 (base 12) to base 16
-12
-30 (base 7) to base 2
-10101
-152 (base 7) to base 9
-105
-2 (base 14) to base 10
-2
-2a (base 13) to base 5
-121
Convert 34 (base 7) to base 4.
121
Convert 10 (base 2) to base 8.
2
What is a (base 15) in base 14?
a
-1110 (base 2) to base 14
-10
Convert -110 (base 4) to base 3.
-202
What is 25 (base 14) in base 4?
201
45 (base 12) to base 13
41
What is 20 (base 8) in base 12?
14
2b (base 13) to base 15
27
What is -32 (base 4) in base 7?
-20
-c (base 16) to base 4
-30
Convert -155 (base 13) to base 15.
-10e
What is 3 (base 16) in base 7?
3
-8e (base 16) to base 13
-ac
What is 33 (base 4) in base 5?
30
Convert -123 (base 4) to base 7.
-36
Convert 3 (base 15) to base 16.
3
0 (base 16) to base 12
0
Convert 13 (base 7) to base 13.
a
-120 (base 5) to base 15
-25
-1 (base 16) to base 14
-1
-3 (base 11) to base 16
-3
What is 1 (base 14) in base 8?
1
What is 10010001 (base 2) in base 4?
2101
-3 (base 12) to base 14